*a(h) - 5*g(h). Let o(p) = p + 1. Let b(y) = i(y) - 6*o(y). Suppose -1839 = 15*m - 1914. Give b(m).
2
Let q(c) = c**2 + 8*c + 8. Let p(r) = r**3 - r**2 + 4*r - 8. Let n be p(2). Suppose n*y - h = 4*h - 34, -5*y = 5*h + 20. Calculate q(y).
-4
Let f(s) be the third derivative of 0*s + 1/24*s**4 + 0 + 1/60*s**5 + 268*s**2 - s**3. Let r = -5 - 1. Determine f(r).
24
Suppose 284 - 300 = -4*p. Let k be p/(-6)*33/22. Let r(w) = 15*w**3 - w - 1. Determine r(k).
-15
Let h = -66243 - -66240. Let p(w) be the second derivative of -w**5/20 + 4*w**3/3 + 2*w**2 - w. Give p(h).
7
Let k(d) = -26*d**2 - 72*d - 144. Let a(z) = 16*z**2 + 48*z + 96. Let m(j) = 8*a(j) + 5*k(j). Let q(r) be the first derivative of m(r). Calculate q(10).
-16
Let g = 98 + -102. Let d(v) = 4*v - 1. Calculate d(g).
-17
Let n be (-17)/(-51) - 34/18*-3. Let r(l) = 2*l**3 - 12*l**2 - l + 12. What is r(n)?
6
Let f(m) = -3*m**2 + 5*m + 1. Let z be 6/(30/25) - (8 + -14). Suppose 13*o - 8*o - 15 = -v, z = 3*o + v. Give f(o).
-1
Let t(j) = -165*j**3 + 184*j**3 + 148*j**3 - 163*j**3. Give t(-1).
-4
Let l(h) = -401*h + 803*h - 28 - 392*h - 13. Determine l(-8).
-121
Let r(n) = 2*n + 37. Let p(g) = 3*g + 13. Let o(j) = 3*p(j) - 2*r(j). What is o(5)?
-10
Let y be (-364)/5 - (-7)/(-35). Let p = -69 - y. Let d(n) = -4*n + p*n**2 + 7 - 3*n**2 - 2*n + 15*n. Determine d(-6).
-11
Let m = -3 - 0. Let z(x) = x**3 + 1. Let d = -149 + 148. Let v(l) = -5*l**3 + 2*l**2 + 3*l - 5. Let f(o) = d*v(o) - 6*z(o). Determine f(m).
17
Let a = -265 + 265. Suppose -3*x + 2*q = 34, -3*q + 7 = x - a*q. Let t(z) = z + 3. Calculate t(x).
-5
Let i = 518 + -515. Let v(r) = 25*r - 83. Give v(i).
-8
Let i(f) = f**3 + 19*f**2 - 119*f - 9. Let o be i(5). Let g be 168/63*6/o + 4. Let k(b) = -b + 3. Determine k(g).
3
Let t(w) = -w**2 - w - 5. Let r(l) = l + 27. Let y be r(-12). Suppose q + 2*q + 8 = -4*f, -3*f - y = 0. Suppose 0 = -v - 1, 2*p + 0*p = -4*v - q. What is t(p)?
-5
Let w(z) be the first derivative of -10*z**2 - 74*z + 167. Give w(-4).
6
Suppose -3*h - 7 = -4*o, 6*o + 15 = 9*o + h. Let f(m) = -12*m + 41. Let z be f(o). Let x(t) = -t - 4. Calculate x(z).
3
Suppose -k + 4*d = 27, 0 = 5*k - 4*d - d + 60. Let f(x) = x**2 + 7*x - 3. Let a be f(-7). Let p be (a + -17)*(k/5 + 1). Let b(u) = u**2 - 6*u - 10. Give b(p).
6
Let x(c) = 2291*c**2 - 764*c**2 - 2 - 2*c - 764*c**2 + 4 - 765*c**2. Suppose 6 = -7*t + 4*t + 2*m, 3*m + 8 = -4*t. Give x(t).
-2
Let p(i) = -8*i**2 + 31*i - 36. Let m(h) = -2*h**2 + 8*h - 9. Let s(r) = 9*m(r) - 2*p(r). Let c be (-18)/(-4)*8/6. Calculate s(c).
-21
Let a be (-696)/(-4) - 3 - 10/2. Suppose a*m - 168*m = 12. Let o(d) = -d - 4. Give o(m).
2
Let w(q) = -q**2 - 5*q + 48. Suppose 3*y = 3*g + 21, -15*g + 10*g = 35. Give w(y).
48
Let v(r) be the third derivative of r**4/8 + 2*r**2. Let c = -12 + 2. Let s be (24/c - -1) + (-34)/(-85). Determine v(s).
-3
Let k(a) = -a**2 + a + 5. Let j be k(-4). Let m = j + 21. Let u(d) = 1 + m*d**2 - d**2 - 5*d**2 - d - 5*d**3. Determine u(1).
-5
Let u(t) be the second derivative of -t**5/20 + 7*t**4/12 - 2*t**3/3 - 11*t**2/2 - 718*t. Calculate u(5).
19
Let d(q) be the second derivative of -q**5/30 - q**3/6 + 49*q**2/2 - 2*q - 44. Let b(j) be the first derivative of d(j). What is b(2)?
-9
Let t(o) = 66*o + 729. Let n be t(-11). Let u(f) = 4*f**2 + 4*f - 8. Let v(l) = l**2 + l - 2. Let m(p) = -2*u(p) + 9*v(p). Give m(n).
10
Let q(m) = -m**2 - m + 1. Let w(x) = 3*x**2 + 16*x - 11. Let d(r) = -2*r**2 - 8*r + 5. Let c(k) = -5*d(k) - 2*w(k). Let h(i) = -c(i) - 3*q(i). What is h(-4)?
4
Suppose -145*d + 679 = -1931. Let n(y) = y**3 - 20*y**2 + 36*y - 7. What is n(d)?
-7
Let z(v) = 16 - 11*v**3 - 4 - 3*v**2 - 15 - 11*v**3 + 0 - 5*v. Determine z(-2).
171
Let h(g) = -g**3 + 6*g**2 + g + 1. Let n(v) = v**3 - 22*v**2 - 5*v + 3. Let k(a) = -2*h(a) - n(a). Give k(-10).
-35
Let u(g) = -3*g**2 - g**2 - 17*g**3 + 22*g**3 + 5*g**2 - g. Let x(r) = r**3 - 9*r**2 + 16*r + 21. Let w be x(5). Determine u(w).
5
Let i(k) = 7*k**2 + 2*k + 7. Suppose -4*l + 37 = 3*j, 4*j - 40 = -121*l + 118*l. Give i(l).
127
Let u(q) = -q**2 + 2*q + 2. Suppose 10*m - 29 = 31. Let d be m/1 + -4*(-5)/(-10). Determine u(d).
-6
Suppose -3 = q - 6, 2*q = 3*i - 3. Let o(s) = -19*s**3 + 17*s**i - 7*s**2 + 2*s - 8 + 3*s**3. Determine o(7).
6
Let r = 48 + -52. Let l = 0 + r. Let o(y) = y**2. Let j(t) = -t**3 + 3*t**2 + t - 3. Let w(a) = l*o(a) + j(a). Determine w(0).
-3
Let n(z) = 11117*z - 22227*z + 11113*z + 17 - 6. Give n(-14).
-31
Let p(v) = -v**2 - 10*v + 77. Let n = -2896 + 2881. Give p(n).
2
Suppose 41*m + 5 = 45*m - 5*c, 4 = -4*m - 4*c. Suppose 2*g + 28 = 5*g + 4*v, -5*v + 36 = 4*g. Let t(d) = -g + 10*d**2 + 4 - 9*d**2 + d - d**3. Calculate t(m).
0
Let p(z) be the first derivative of 43 - 1/4*z**4 + 1/3*z**3 + z**2 + z. Suppose 0 = 5*a - a + 4. What is p(a)?
1
Let i(v) be the first derivative of 2*v**2 + 26*v + 78. Determine i(-16).
-38
Let u(n) = 17201210*n + 4*n**2 - 2*n**2 - n**2 - 17201262*n + 390. Calculate u(9).
3
Suppose -3*u - 195 + 210 = 0. Suppose v = -y + u, -5*v - 8 = -5*y + 7. Let f(i) = 1 - 3 + 4*i**2 + i**2 - i**3 - i. Determine f(y).
10
Suppose 5*y - 6*j + 6 = -3*j, 2*j - 4 = -3*y. Let m(t) be the second derivative of 0 + 4*t - 3/2*t**2 - 1/6*t**3. Calculate m(y).
-3
Let n(o) = 32*o - 55 - 14 - 927*o**3 + 928*o**3 - 31*o**2. Determine n(30).
-9
Let p(d) = -29*d**2 - 1. Let c be p(-1). Let b be ((-105)/c)/((-1)/(-2)). Let i(l) = -l**3 + 6*l**2 + 7*l + 3. What is i(b)?
3
Let m(o) = o**2 - 16*o + 43. Let i(d) = d**3 + 124*d**2 + 3806*d - 94. Let r be i(-56). Determine m(r).
79
Let p be (-54)/24*(-24)/9 + -4. Let y(g) = -8*g - p*g - 7*g - 1 + 18*g. Give y(-7).
-8
Let i be 1 - -3*(-15)/(-9). Let p(o) be the first derivative of 79 - 1/3*o**3 - o + 3*o**2. Give p(i).
-1
Let j(t) = -t**3 + 3*t**2 + t - 1. Suppose -2*z - 7*f = -12*f, z = 4*f. Suppose -4*x + 1 + 11 = z. Give j(x).
2
Let g(j) = 2*j**2 - j - 2. Suppose 231*w - 214*w - 17 = 0. Determine g(w).
-1
Suppose -3*v = -4*a - 12, 2 = 3*a + 3*v - 10. Let z be (-42)/14 - (0 + 1)*a. Let q(o) = -o**2 - 2*o + 1. Determine q(z).
-2
Let i(c) be the second derivative of -125*c + 0 + 0*c**2 + 1/6*c**3. What is i(-7)?
-7
Let r = -14076 - -14070. Let l(n) = -n**3 - 4*n**2 + 13*n + 6. Calculate l(r).
0
Let q(u) be the first derivative of u**4/4 - 7*u**3/3 - 3*u**2 - u - 396. Give q(7).
-43
Suppose 5*n = -2*b - 58, 2*n + 4 + 0 = 0. Let a = b - -26. Let c(s) = -a - 5*s + 1 + 1. Give c(1).
-5
Let g(v) = -16*v - 73. Let t(f) = f**3 + 36*f**2 + 105*f + 192. Let i be t(-33). Determine g(i).
23
Let b(s) = 3*s - 10. Let z be ((-1)/3)/(9/(-108)). Suppose 0 = -z*g + 98 + 94. Let y = g + -41. Determine b(y).
11
Let g(k) = k**2 - 2*k + 1. Let t be (-11888)/36 - 8/(-36). Let s be ((-10)/(-6))/(11/t*-10). What is g(s)?
16
Let p(c) = -c**3 - 2*c**2 - 4*c - 2. Suppose -341 = -26*q + 15*q. Suppose -54 = q*d - 13*d. What is p(d)?
19
Suppose -6367*y = -6370*y + 18. Let b(s) = s + s**2 - 5*s + 1 - s. Give b(y).
7
Let o = 35 + -27. Let x(i) = -i**2 + 7*i + 8. Let s be x(o). Let n(h) = -2 + 2*h**2 - 3*h**2 + s. Give n(-2).
-6
Let j(z) = 14 + 9 - 55 + 5 + 2 - 3*z. Calculate j(-8).
-1
Let v(t) = -3*t + 5. Let p be ((-700)/(-12))/(-7)*(-12)/5. Let h(j) = -j + 26. Let w be h(p). What is v(w)?
-13
Let h(b) be the second derivative of 0*b**2 - 1/4*b**4 + 1/2*b**3 + 1/20*b**5 - 13 - 3*b. Determine h(4).
28
Suppose 155*d + 153*d - 498*d = -168*d. Let i(m) = -m**2 - 85. What is i(d)?
-85
Let f(z) be the first derivative of z**2/2 + 1. Let k(a) = -2*a**2 - 14*a - 11. Suppose -15 = -12*r - 87. Let i be k(r). Give f(i).
1
Let n(k) be the second derivative of k**5/60 + k**4/12 + k**3/6 + 147*k**2/2 - 19*k - 2. Let z(y) be the first derivative of n(y). Determine z(2).
9
Let n(g) = 3 - 1 + 33*g**2 + 4*g - 34*g**2. Let x be n(5). Let u(h) be the third derivative of h**4/12 + h**3/2 + 52*h**2. Give u(x).
-3
Let w(u) be the first derivative of 25*u**2/2 + 98*u + 5584. What is w(-4)?
-2
Let w(o) be the second derivative of -o**4/12 + 20*o**3/3 - 43*o**2/2 + 238*o. Calculate w(39).
-4
Let x(k) be the second derivative of -3*k**3/2 - 3*k**2 - 1228*k. Determine x(6).
-60
Let d(x) = -9*x - 23. Let g be d(-5). Suppose -7*a = -43 + g. Let p(i) = 6*i - 4. Determine p(a).
14
Let f(l) = 182*l - 350. Let j be f(2). 